 - 5*p + s. Calculate j(5).
2
Let k(p) = -p**3. Suppose 5*b = -5*a + 10, -9 - 4 = -3*a + 4*b. Suppose -2*h - 2 = -a*h. What is k(h)?
-8
Let h(l) = l - 3. Let b = -1 + 2. Let s(n) = -3*n**2 + 1. Let c be s(-1). Let u = b - c. What is h(u)?
0
Let q(j) = -20*j - 3 + 19*j**2 + 2 + 21*j. What is q(1)?
19
Let g = 27 + -29. Let z(s) = -s**3 - 2*s**2 - 3*s. Calculate z(g).
6
Let r(q) = -q + 2. Let c(k) = k - 2. Let t(a) = 6*c(a) + 7*r(a). Let i be t(7). Let f(b) = -2*b - 2. What is f(i)?
8
Suppose -5*x - 20 = 0, 5*g + 5*x + 25 = 10. Let j(d) be the first derivative of -d + 1 + 11/2*d**2. Give j(g).
10
Let g(d) = 6*d - d - 2*d + 0*d. What is g(1)?
3
Let r(y) = y**2 + 10*y + 8. Suppose -a - 1 - 8 = 0. Calculate r(a).
-1
Let u(y) = y**3 - y**2 - y. Suppose -6*s + 2*s + 16 = 0. Let p(l) = -3*l**3 - 2*l**2 + l - s*l**2 + 5*l**3 + 2. Let f(x) = -p(x) + 3*u(x). Calculate f(-4).
-2
Let w(s) be the third derivative of -s**5/60 + s**4/6 + s**3/6 - 4*s**2. Determine w(5).
-4
Let z be 68/(-18) - 16/72. Let h(l) = -l**2 - 4*l - 3. Give h(z).
-3
Let k(j) = j**2 + 5*j - 6. Let d be k(-7). Suppose -5*r + d = 3. Let g(q) = -r - 4*q + 2 - q. Determine g(-1).
6
Let t be 9/(3*1/(-4)). Let v = t + 6. Let i(g) = -g**2 - 5*g + 3. Give i(v).
-3
Let m(x) = 1 + 12*x**2 - 250*x + 250*x + 9*x**2. What is m(-1)?
22
Let t(w) = -6*w**3 + w. Let g be ((-15)/6 - -1)/((-30)/20). Give t(g).
-5
Suppose 0 = -2*g + 5*q - 14 - 15, 3*g = -4*q + 14. Let k(p) = -p**2 + 2*p + 3. What is k(g)?
-5
Let f(a) = 3*a**2 + 12*a - 13. Let h(u) = 46 - 8 - 7*u**2 - 35*u - u**2. Let p(r) = 11*f(r) + 4*h(r). Let y be p(7). Let x(l) = 5*l - 2. Determine x(y).
8
Let f be 2 + -1 + -3 - -155. Suppose 0 = 5*u + 53 - f. Suppose 4*q = -q - u. Let d(n) = n**3 + 3*n**2 - 5*n - 1. Give d(q).
3
Let d(z) be the first derivative of z**3/3 - 3*z**2/2 - 3*z - 27. Let w(m) = m**2 - 6*m + 5. Let n be w(6). Determine d(n).
7
Let v(l) = 13 - 2*l + 4 + l + 2*l. Determine v(-9).
8
Let u(q) = q**3 - q - 3. Let x be u(0). Let r be -3*x/9*3. Let g(l) be the third derivative of l**4/12 - l**3/2 - l**2. Calculate g(r).
3
Let i(y) = -8*y**3 + 2*y**2 + 2*y + 1. Let w = -13 + 11. Let n(g) = 41*g**3 - 10*g**2 - 11*g - 6. Let l(f) = w*n(f) - 11*i(f). Determine l(-1).
-7
Let y(a) = a**2 + a - 1. Let i(g) = 2*g**2 + 6*g - 8. Let h(f) = i(f) - 4*y(f). Let u(m) be the first derivative of h(m). Determine u(-2).
10
Let d(p) = 2*p**2 - 5*p**2 - 10*p - 12 + p**2 + 3*p**2. What is d(11)?
-1
Let j(q) = -q**2 + 4*q + 1. Let i(s) = s**3 - 6*s**2 + 5. Let f be i(6). Let z be ((-2)/f)/((-1)/5). Suppose -15 = r + 4*o, r + o = -z*r + 10. Calculate j(r).
-4
Let i(o) = o**3 - o**2 - 6*o + 1. Let l be i(0). Let f(s) be the third derivative of -s**6/8 + s**4/12 - s**3/6 + s**2. Determine f(l).
-14
Suppose 3*q - 11 - 7 = 0. Suppose -3*b = 5*x + 2 - 7, 2*b + 2*x - q = 0. Suppose -4*h = -b - 7. Let r(i) = -i**3 + 4*i**2 - 2*i + 2. Give r(h).
5
Let d(o) be the first derivative of o**5/30 + o**4/12 - o**3/3 + o**2 + 4. Let b(l) be the second derivative of d(l). Calculate b(-2).
2
Let d(a) = 7*a + 4. Let n(o) = o. Let x(l) = d(l) - 6*n(l). Suppose -10*b + 8*b + 6 = 0. Give x(b).
7
Let p(y) be the third derivative of -y**5/60 - y**4/24 - 2*y**3/3 - 3*y**2. Determine p(-3).
-10
Let p(u) = u**3 + 2*u**2 - 2*u + 1. Let i be p(-3). Let g(q) = -2*q - 1. Calculate g(i).
3
Let n(u) be the second derivative of u**3/3 - u**2/2 + 2*u. What is n(-2)?
-5
Let c be (1/2)/(9/72 - 0). Let r(j) = j**2 - 4*j + 1. What is r(c)?
1
Let c(f) = f**3 - 3*f**2 - 2*f + 2. Let b(w) = -w**3 - w**2 + 3. Let u be b(0). Calculate c(u).
-4
Let m be (-1 - -1)*(-1)/(-2 - -1). Let j(w) be the third derivative of 1/3*w**3 + 1/60*w**5 + 1/24*w**4 + 4*w**2 + 0*w + m. Give j(-2).
4
Suppose -2*k = -5 - 9. Suppose -k*q = -2*q - 30. Let f(m) = m**2 - 6*m - 6. Determine f(q).
-6
Let c(d) be the third derivative of 1/12*d**4 - 4*d**2 - 7/6*d**3 + 0 + 0*d. Determine c(6).
5
Suppose 0 = -4*l + 4*i - 16, -3*l - 4*i = -4*l - 10. Let w(m) = 3*m + 3. Give w(l).
-3
Let p(v) be the second derivative of v**3/6 - v**2/2 + v. Let z(w) = -2*w + 3. Let u(l) = -4*p(l) - z(l). Let y be (-4)/10 - 26/10. Give u(y).
7
Let d(n) = -n**3 + 5*n**2 + 8*n - 7. Let l = 14 - 6. Let o = -2 + l. Determine d(o).
5
Let j(i) = 2*i + 2. Suppose -d + 24 = 2*d. Suppose 5*a = -d - 12. What is j(a)?
-6
Let a(i) = i**2 - i - 2. Suppose -5*q + 3*q + 26 = 2*r, -3*r + 37 = q. Let s = r + -10. Give a(s).
0
Let j(k) = -k**3 + 7*k**2 - 7*k - 8. Suppose 2*w = -s - 14, 4 = -4*w - 0*s + 4*s. Let b = 11 + w. Calculate j(b).
-14
Let d(s) = 4 + 5 - 2 - 2*s. Let k be d(5). Let l(t) = -t**3 - 4*t**2 - 4*t - 1. Give l(k).
2
Let k(m) be the second derivative of -m**3/3 + 2*m**2 - 4*m. Determine k(3).
-2
Let x(a) be the first derivative of -4*a**3/3 - 2*a**2 - 3*a + 1. Let w(m) = m**3 + m**2 - m. Let s be w(-2). Let q be (-56)/26 - s/13. What is x(q)?
-11
Let y(h) = -2. Let o(m) = -m - 1. Let j(z) = 4*o(z) - 2*y(z). Give j(1).
-4
Let b(l) = -l - 5 + 5*l**2 + 0 + 2*l**3 - 3*l**3 + 3. Suppose 0 = -5*w + 25 - 0. Determine b(w).
-7
Let q = 65 - 46. Suppose -5*l + q + 11 = 0. Let z(u) = -u**2 + 4*u - 1. Calculate z(l).
-13
Let n(x) be the third derivative of x**5/60 - x**4/8 - x**3 - 8*x**2. Determine n(5).
4
Let l = 33 - 36. Let c(b) = 2*b - 4. Give c(l).
-10
Let h(m) = -m + 9. Let y(u) be the third derivative of u**4/24 + 2*u**3/3 + 2*u**2. Let z be y(0). Let d be z/(-14) + (-2)/(-7). Give h(d).
9
Let c(y) be the first derivative of -y**4/4 + 5*y**3/3 - 4*y - 6. Determine c(5).
-4
Let m(p) = -p**2 + 1 + 151*p + 2*p**3 - 151*p. Let f = -5 - -6. Determine m(f).
2
Let h(w) = -w**2 + 2*w + 1. Suppose -5*u - 4 = -3*x, 5*x = -u - 0*u + 16. Let c be (-16)/(-6) + x/9. Give h(c).
-2
Suppose 7 = -2*j - 2*s + 1, -6 = j - 2*s. Let o be (2/(-1))/(3 + j). Let n(q) = -q - 2 + 2*q + 0*q + 4*q - 2*q**o. Give n(3).
-5
Let o(z) = z**2 - 5*z - 6. Let c be o(6). Let q(a) be the second derivative of 3*a - 1/20*a**5 - 1/6*a**3 + c - 1/12*a**4 + 3/2*a**2. Calculate q(0).
3
Let t(o) = o**2 - 7*o - 4. Suppose -n + v + 34 = 3*n, 10 = -5*v. Determine t(n).
4
Suppose 4*x + 35 = 11. Let o(m) = 4*m**3 + 2*m**3 + 6*m + 2 + 2*m**2 + 4*m**2. Let z(f) = -7*f**3 - 6*f**2 - 7*f - 2. Let h(b) = 6*o(b) + 5*z(b). What is h(x)?
-4
Let s be ((-7)/(-63))/((-80)/(-6)). Let o(f) be the third derivative of 1/15*f**5 - s*f**6 + 1/3*f**3 + 0 + 0*f - 3*f**2 - 1/8*f**4. Calculate o(3).
2
Let j(t) be the third derivative of 0 - 7/6*t**3 - 1/120*t**6 + 4*t**2 + 0*t - 1/8*t**4 + 1/10*t**5. What is j(5)?
3
Let z(k) be the first derivative of 3*k**4/4 + k**3/3 - k**2/2 - 4. Give z(-2).
-18
Suppose -2*k - k = 6. Let d = k + 4. Let g(q) = -7 - 8*q + 3*q - 4*q**d + 3*q**2. Calculate g(-5).
-7
Suppose 3*a + 2 + 4 = -r, 5*r = -4*a + 3. Let f(k) = 2*k - 4*k + k. Give f(r).
-3
Let r(l) = 2*l**2 + l. Let x be (3/(-2))/(6/(-12)). Suppose x*c - 2 = 4. Calculate r(c).
10
Let l(n) = -42 + 15 + 25 - 3*n. Determine l(-4).
10
Let d(r) = r - 2. Let a be 3/(2*1/2). Let t be 1/(-4) - 100/(-16). Let w be a/5 - t/(-15). Calculate d(w).
-1
Let k(l) = -21*l**2 - 20*l + 17. Let v(t) = -7*t**2 - 7*t + 6. Let o(f) = -6*k(f) + 17*v(f). Let m = -10 - -7. Let p = m + 2. What is o(p)?
6
Let t(x) = -3*x**3 - 13*x**2 - 17*x + 12. Let i(v) = -4*v**3 - 19*v**2 - 25*v + 18. Let f(w) = 5*i(w) - 7*t(w). Give f(5).
1
Let u(w) = -6*w**2 - w. Let q(s) = 12*s**2 + 2*s. Let r(d) = 3*q(d) + 7*u(d). Let i(z) = -5*z**2. Let x(p) = -5*i(p) + 4*r(p). What is x(3)?
-3
Let i(l) be the second derivative of -l**5/20 - 7*l**4/12 - l**3 + 2*l**2 + 59*l. Determine i(-6).
4
Let b(v) = 4*v + 3. Let m = -3 + 2. Let g be (-9 + m)*2/(-4). Let j = 2 - g. What is b(j)?
-9
Let l = 26 - 77/3. Let z(j) be the second derivative of 0 + 2*j + 1/2*j**2 + 3/10*j**5 + 1/6*j**4 + l*j**3. Calculate z(-1).
-5
Let y(r) be the first derivative of -r**4/4 - 7*r**3/3 + 3*r**2/2 + 10*r + 4. What is y(-7)?
-11
Let a(y) = -3*y**3 - 3*y**2 + 8*y + 14. Let w(j) = -j**3 - j**2 + 3*j + 5. Let c(t) = -3*a(t) + 8*w(t). Give c(-2).
-6
Let p(i) = -i**2 - 4*i + 6. Let a be 4*((-21)/(-2))/(-7). What is p(a)?
-6
Suppose -5*i + 11 + 1 = 4*k, i = -2*k. Let q(j) = -2 + 1 - 3 + j + 2*j**2 - 6*j. Give q(i).
8
Let p(n) = 9*n. Suppose 0*x - 2 = -2*x. Suppose -2 = l - j + x, -2*l + j = 4. Determine p(l).
-9